{"id":313,"date":"2017-04-23T20:26:19","date_gmt":"2017-04-23T18:26:19","guid":{"rendered":"http:\/\/ferienwohnungenverwaltung-thiesen.de\/?page_id=313"},"modified":"2022-02-15T12:12:19","modified_gmt":"2022-02-15T11:12:19","slug":"verwaltung","status":"publish","type":"page","link":"https:\/\/ferienwohnungenverwaltung-thiesen.de\/?page_id=313","title":{"rendered":"Verwaltung"},"content":{"rendered":"\t\t<div data-elementor-type=\"wp-page\" data-elementor-id=\"313\" class=\"elementor elementor-313\">\n\t\t\t\t\t\t\t\t\t<section class=\"elementor-section elementor-top-section elementor-element elementor-element-6999c9d8 elementor-section-boxed elementor-section-height-default elementor-section-height-default\" data-id=\"6999c9d8\" data-element_type=\"section\">\n\t\t\t\t\t\t<div class=\"elementor-container elementor-column-gap-default\">\n\t\t\t\t\t<div class=\"elementor-column elementor-col-100 elementor-top-column elementor-element elementor-element-5daf4732\" data-id=\"5daf4732\" data-element_type=\"column\">\n\t\t\t<div class=\"elementor-widget-wrap elementor-element-populated\">\n\t\t\t\t\t\t\t\t<div class=\"elementor-element elementor-element-2bfe4082 elementor-widget elementor-widget-text-editor\" data-id=\"2bfe4082\" data-element_type=\"widget\" data-widget_type=\"text-editor.default\">\n\t\t\t\t<div class=\"elementor-widget-container\">\n\t\t\t\t\t\t\t<h3><u>Wir verwalten Ihnen Ihre Ferienwohnungen<\/u><\/h3>\n<div><u><br><\/u><\/div>\n<p>Sie haben eine oder mehrere Ferienwohnungen oder planen sich eine Wohnung als Ferienwohnung zu kaufen?<br>Der Arbeitsaufwand ist Ihnen jedoch zu gro\u00df?<br>Ihnen fehlt die Zeit oder Lust sich selbst darum zu k\u00fcmmern?<br>Sie wohnen nicht in der N\u00e4he, sodass sie nicht vor Ort sein k\u00f6nnen f\u00fcr jegliche Anliegen?<\/p>\n<p><br><\/p>\n<p><br><\/p>\n<h3><u>Kontaktieren Sie uns!<\/u><\/h3>\n<p>Wir verwalten f\u00fcr Sie Ihre Ferienwohnungen.<br>Rufen Sie einfach an unter 06531\/4379680 oder 0176-60405978<br>oder schreiben Sie eine E-Mail an <a href=\"mailto:info@ferienwohnungenverwaltung-thiesen.de\">info@ferienwohnungenverwaltung-thiesen.de<\/a><\/p>\n<p><br><\/p>\n<p><br><\/p>\n<h3><u>Gute Gr\u00fcnde Ihre Ferienwohnungen von uns verwalten zu lassen<\/u><\/h3>\n<div><u><br><\/u><\/div>\n<p>Wer k\u00fcmmert sich beispielsweise, wenn der Urlaubsgast den Schl\u00fcssel f\u00fcr die Ferienwohnung verloren hat?<br>Wer r\u00fcckt an, wenn der Fernseher die Ausstrahlung des Fu\u00dfballspiels am Samstagabend verweigert?<br>Wer reagiert bei Stromausfall?<br>Wer ist vor Ort, um sich mit G\u00e4stebeschwerden und Reklamationen auseinanderzusetzen?<br>und, und, und \u2026<\/p><p><br><\/p>\n<p>1. Wir sind immer verf\u00fcgbar, wenn Not am Mann ist. Ganz gleich ob sp\u00e4tabends oder am Wochenende. <\/p>\n<p>2. Zeitaufw\u00e4ndige, wiederkehrende Aufgaben im Tagesgesch\u00e4ft werden kompetent und zeitnah erledigt. Dazu geh\u00f6ren z.B. die Bearbeitung von Buchungsanfragen, Buchungen, Rechnungen und Bezahlung. Der l\u00e4stige Papierkram eben \u2026<\/p>\n<p>3. Viele Kostenpositionen im Tagesgesch\u00e4ft entfallen f\u00fcr Sie als Vermieter einer Ferienwohnung bzw. eines Ferienhauses. Dazu geh\u00f6ren Telefon- und Internetkosten, B\u00fcro- und Druckerbedarf, Porto etc. Dies f\u00e4llt alles auf unserer Seite an.<\/p>\n<p>4. Auch bei den Marketingkosten ist man als Vermieter entlastet. Ein gro\u00dfer Teil des Erfolgs verdanken wir zu einem nicht unwesentlichen Teil auch dem eigenen Marketing. Die von uns betreuten Ferienobjekte werden auf Fewo-Portalen eingestellt, nach Absprache mit Ihnen, es werden Prospekte an Interessenten verteilt oder auch die Stammkundschaft auf alternative Unterk\u00fcnfte (vielleicht Ihre?) verwiesen, wenn die Lieblingsferienwohnung zum Wunschtermin nicht frei sein sollte. Alles das sind Aufgaben von uns, nicht die des Vermieters.<\/p>\n<p>5. Ein weiterer wertvoller Vorteil ist das sogenannte \u201eOhr am Markt\u201c. Wie wollen Sie als Vermieter in 600 km Entfernung mitbekommen, wenn das (Vor-) Buchungsgesch\u00e4ft lahmt, es aber nicht an Ihrer Wohnung selbst liegt? Vorausschauendes Belegungsmarketing ist gefragt, nicht hilfloses Schulterzucken, wenn das Kind bereits in den Brunnen gefallen ist.<\/p>\n<p>Oder es gibt unliebsame Entwicklungen am Ferienobjekt, die Ihnen zun\u00e4chst verborgen bleiben \u2026 z.B. Verw\u00fcstung vorm Geb\u00e4ude und vermindert dadurch die Urlaubsqualit\u00e4t Ihrer G\u00e4ste erheblich. Regeln Sie das mal aus der Ferne \u2026 &#8211; Wir bieten Ihnen hier nach R\u00fccksprache unseren zuverl\u00e4ssigen Hausmeisterservice Vertragspartner  an.<\/p>\n<p>6. Eine erfolgreiche Ferienvermietung ist ein fulltime-Job. Nicht wenige Erstvermieter untersch\u00e4tzen h\u00e4ufig den zu betreibenden Aufwand daf\u00fcr. Wenn Sie dies uns \u00fcberlassen, dann haben Sie deutlich mehr Freizeit und weniger Stress. Ist Ihnen das nicht einige Euro wert?<\/p>\n<p><br><\/p>\t\t\t\t\t\t<\/div>\n\t\t\t\t<\/div>\n\t\t\t\t\t<\/div>\n\t\t<\/div>\n\t\t\t\t\t\t\t<\/div>\n\t\t<\/section>\n\t\t\t\t\t\t\t<\/div>\n\t\t","protected":false},"excerpt":{"rendered":"<p>Wir verwalten Ihnen Ihre Ferienwohnungen Sie haben eine oder mehrere Ferienwohnungen oder planen sich eine Wohnung als Ferienwohnung zu kaufen?Der Arbeitsaufwand ist Ihnen jedoch zu gro\u00df?Ihnen fehlt die Zeit oder Lust sich selbst darum zu k\u00fcmmern?Sie wohnen nicht in der N\u00e4he, sodass sie nicht vor Ort sein k\u00f6nnen f\u00fcr jegliche Anliegen? Kontaktieren Sie uns! Wir [&hellip;]<\/p>\n","protected":false},"author":1,"featured_media":0,"parent":0,"menu_order":0,"comment_status":"closed","ping_status":"closed","template":"","meta":{"ngg_post_thumbnail":0},"_links":{"self":[{"href":"https:\/\/ferienwohnungenverwaltung-thiesen.de\/index.php?rest_route=\/wp\/v2\/pages\/313"}],"collection":[{"href":"https:\/\/ferienwohnungenverwaltung-thiesen.de\/index.php?rest_route=\/wp\/v2\/pages"}],"about":[{"href":"https:\/\/ferienwohnungenverwaltung-thiesen.de\/index.php?rest_route=\/wp\/v2\/types\/page"}],"author":[{"embeddable":true,"href":"https:\/\/ferienwohnungenverwaltung-thiesen.de\/index.php?rest_route=\/wp\/v2\/users\/1"}],"replies":[{"embeddable":true,"href":"https:\/\/ferienwohnungenverwaltung-thiesen.de\/index.php?rest_route=%2Fwp%2Fv2%2Fcomments&post=313"}],"version-history":[{"count":11,"href":"https:\/\/ferienwohnungenverwaltung-thiesen.de\/index.php?rest_route=\/wp\/v2\/pages\/313\/revisions"}],"predecessor-version":[{"id":3646,"href":"https:\/\/ferienwohnungenverwaltung-thiesen.de\/index.php?rest_route=\/wp\/v2\/pages\/313\/revisions\/3646"}],"wp:attachment":[{"href":"https:\/\/ferienwohnungenverwaltung-thiesen.de\/index.php?rest_route=%2Fwp%2Fv2%2Fmedia&parent=313"}],"curies":[{"name":"wp","href":"https:\/\/api.w.org\/{rel}","templated":true}]}}